 840461?
False
Does 353 divide 1034788?
False
Is 56192 a multiple of 32?
True
Does 543 divide 653772?
True
Does 20 divide 4224916?
False
Does 136 divide 4815793?
False
Does 50 divide 173673?
False
Is 191646 a multiple of 13?
True
Is 2 a factor of 899?
False
Is 533 a factor of 458380?
True
Does 331 divide 1964154?
True
Is 247 a factor of 181055?
False
Is 399755 a multiple of 85?
True
Is 2524548 a multiple of 156?
True
Is 346 a factor of 25453?
False
Is 760 a factor of 6365969?
False
Does 101 divide 123624?
True
Is 213440 a multiple of 115?
True
Is 2 a factor of 65612?
True
Is 3931 even?
False
Is 929221 a multiple of 25?
False
Is 43 a factor of 4755241?
True
Does 166 divide 3294602?
True
Is 12 a factor of 1363764?
True
Is 67342 a multiple of 11?
True
Does 4 divide 266136?
True
Is 101 a factor of 63292?
False
Does 74 divide 343700?
False
Does 500 divide 5550?
False
Is 312 a factor of 1767685?
False
Does 22 divide 419056?
True
Does 56 divide 58115?
False
Is 19740 a multiple of 282?
True
Is 16 a factor of 39783?
False
Is 409 a factor of 1170558?
True
Is 465 a factor of 374882?
False
Is 70 a factor of 37578?
False
Does 35 divide 3915870?
True
Is 186 a factor of 124434?
True
Is 2444175 a multiple of 405?
True
Is 131513 a multiple of 6?
False
Is 9 a factor of 14310?
True
Is 54 a factor of 476821?
False
Is 6974 a multiple of 317?
True
Does 494 divide 1343596?
False
Does 18 divide 156870?
True
Is 16299367 a multiple of 1986?
False
Does 15 divide 2609116?
False
Is 30 a factor of 195222?
False
Is 2668995 a multiple of 333?
True
Is 1928 a factor of 15264668?
False
Is 96907 a multiple of 3?
False
Is 115605 a multiple of 45?
True
Does 26 divide 105826?
False
Is 369609 a multiple of 32?
False
Is 56238 a multiple of 3?
True
Is 9 a factor of 618497?
False
Is 210060 a multiple of 9?
True
Does 377 divide 2663382?
False
Does 140 divide 1348282?
False
Does 112 divide 12890192?
True
Is 184953 a multiple of 309?
False
Is 125370 a multiple of 315?
True
Does 15 divide 8032035?
True
Does 669 divide 1631691?
True
Is 83141 a multiple of 6?
False
Does 45 divide 74655?
True
Does 27 divide 24082675?
False
Does 434 divide 198772?
True
Is 63342 a multiple of 27?
True
Does 4 divide 490804?
True
Is 344435 a multiple of 22?
False
Is 310 a factor of 3859810?
True
Does 265 divide 1354791?
False
Is 10450 a multiple of 19?
True
Is 37 a factor of 4267531?
False
Does 5 divide 827600?
True
Is 182 a factor of 1237236?
True
Is 212031 a multiple of 247?
False
Is 167 a factor of 1104705?
True
Is 516144 a multiple of 16?
True
Does 112 divide 1338166?
False
Is 9390957 a multiple of 71?
True
Is 4024433 a multiple of 798?
False
Does 8 divide 63792?
True
Is 4804140 a multiple of 110?
True
Is 2154327 a multiple of 34?
False
Is 19 a factor of 2610391?
True
Is 31900 a multiple of 10?
True
Is 2 a factor of 2005966?
True
Does 94 divide 42958?
True
Is 212647 a multiple of 11?
False
Does 226 divide 119333?
False
Does 471 divide 288529?
False
Does 70 divide 974400?
True
Is 173 a factor of 49478?
True
Does 24 divide 4097070?
False
Does 102 divide 828193?
False
Is 11 a factor of 4151?
False
Is 618685 a multiple of 32?
False
Is 45 a factor of 513315?
True
Is 11 a factor of 659596?
False
Does 270 divide 1141883?
False
Does 25 divide 1579193?
False
Is 13 a factor of 164983?
True
Is 13 a factor of 267865?
True
Is 652 a factor of 18825196?
True
Is 18 a factor of 26821818?
True
Is 2350016 a multiple of 584?
True
Is 748549 a multiple of 97?
True
Does 198 divide 806256?
True
Does 85 divide 6511617?
False
Is 30 a factor of 48990?
True
Is 106 a factor of 1953262?
True
Does 26 divide 150124?
True
Does 1151 divide 380176?
False
Is 93 a factor of 155031?
True
Is 7847208 a multiple of 8?
True
Does 64 divide 99008?
True
Is 1065 a factor of 4978677?
False
Is 9 a factor of 114210?
True
Is 2904075 a multiple of 75?
True
Is 228315 a multiple of 7?
False
Is 43092 a multiple of 36?
True
Is 186558 a multiple of 125?
False
Does 32 divide 78464?
True
Does 43 divide 16980640?
False
Is 10 a factor of 2497476?
False
Is 155 a factor of 954702?
False
Does 227 divide 15627?
False
Does 14 divide 1949542?
True
Does 67 divide 7407788?
True
Does 6 divide 106884?
True
Does 73 divide 107614?
False
Does 12 divide 817720?
False
Is 2238265 a multiple of 5?
True
Is 24 a factor of 1480509?
False
Does 77 divide 509121?
False
Does 2 divide 108641?
False
Does 452 divide 279244?
False
Does 118 divide 189803?
False
Is 11174761 a multiple of 263?
False
Is 38 a factor of 495330?
True
Does 223 divide 3942640?
True
Does 20 divide 4727941?
False
Does 975 divide 2522325?
True
Does 36 divide 584280?
True
Is 262 a factor of 372040?
True
Does 766 divide 21745208?
True
Is 251 a factor of 965759?
False
Does 17 divide 4799644?
True
Is 2619270 a multiple of 45?
True
Is 1420604 a multiple of 4?
True
Is 6698320 a multiple of 80?
True
Is 5 a factor of 53163?
False
Does 4 divide 3255349?
False
Is 30 a factor of 1531243?
False
Is 782493 a multiple of 51?
True
Is 70937 a multiple of 21?
False
Is 517 a factor of 4410355?
False
Does 3 divide 13971?
True
Is 1077 a factor of 2382324?
True
Is 19818 a multiple of 40?
False
Is 198 a factor of 4685670?
True
Is 273 a factor of 435708?
True
Does 24 divide 136608?
True
Is 65750 a multiple of 263?
True
Is 16 a factor of 262256?
True
Is 1954448 a multiple of 12?
False
Is 1147457 a multiple of 167?
True
Is 1652525 a multiple of 19?
True
Is 147404 a multiple of 7?
False
Is 33062 a multiple of 54?
False
Is 1243960 a multiple of 13?
False
Does 408 divide 4461072?
True
Is 5770602 a multiple of 9?
True
Is 45473 a multiple of 37?
True
Does 3 divide 40464?
True
Is 324 a factor of 88240?
False
Does 114 divide 15032154?
True
Is 197872 a multiple of 298?
True
Is 6567580 a multiple of 21?
False
Is 54 a factor of 111240?
True
Is 4830904 a multiple of 74?
False
Does 10 divide 1479764?
False
Is 4145 a multiple of 6?
False
Does 36 divide 1943676?
True
Is 172669 a multiple of 17?
True
Is 18850288 a multiple of 16?
True
Is 10 a factor of 390916?
False
Is 758480 a multiple of 304?
True
Does 8 divide 3136?
True
Is 1683 a multiple of 2?
False
Does 297 divide 11367?
False
Does 1901 divide 7670420?
False
Is 1139936 a multiple of 112?
True
Is 190 a factor of 231564?
False
Is 21776 a multiple of 16?
True
Is 24336 a multiple of 208?
True
Is 4 a factor of 77936?
True
Is 37444 a multiple of 74?
True
Is 954816 a multiple of 391?
False
Is 4443912 a multiple of 88?
True
Is 6 a factor of 23045?
False
Is 435 a factor of 229050?
False
Is 3421422 a multiple of 846?
False
Is 45012 a multiple of 31?
True
Is 35 a factor of 351190?
True
Does 10 divide 683856?
False
Is 654056 a multiple of 26?
True
Does 78 divide 4778592?
True
Is 203 a factor of 161765?
False
Is 14 a factor of 2447799?
False
Does 220 divide 18260?
True
Is 554982 a multiple of 102?
True
Is 65 a factor of 4876235?
True
Is 15 a factor of 110087?
False
Is 26 a factor of 17871?
False
Does 236 divide 237226?
False
Is 19 a factor of 453213?
False
Does 13 divide 1302990?
True
Is 1228572 a multiple of 38?
False
Is 1808129 a multiple of 24?
False
Is 171675 a multiple of 45?
True
Is 3 a factor of 2733?
True
Is 8 a factor of 2773481?
False
Is 89 a factor of 1359831?
True
Does 243 divide 1316088?
True
Does 72 divide 294336?
True
Is 2147596 a multiple of 186?
False
Does 22 divide 2279173?
False
Is 25898880 a multiple of 1120?
True
Is 316373 a multiple of 115?
False
Does 6 divide 466365?
False
Does 31 divide 933450?
False
Is 8181 a multiple of 2?
False
Does 59 divide 12317266?
False
Does 21 divide 143010?
True
Is 6 a factor of 284646?
True
Does 39 divide 12489477?
True
Does 56 divide 124700?
False
Is 35074 a multiple of 43?
False
Is 3341 a multiple of 13?
True
Is 399 a factor of 1247673?
True
Does 460 divide 1122360?
False
Does 63 divide 397152?
True
Is 317 a factor of 1299044?
False
Does 13 divide 916565?
True
Is 538168 a multiple of 6?
False
Is 4808249 a multiple of 1323?
False
Is 355215 a multiple of 595?
True
Is 658376 a multiple of 376?
True
Is 20529 a multiple of 35?
False
Does 179 divide 220319?
False
Is 11249875 a multiple of 11?
False
Does 11 divide 7420547?
False
Is 3039013 a multiple of 60?
False
Is 1600247 a multiple of 77?
False
Is 10 a factor of 491306?
False
Is 14751846 a multiple of 25?
False
Does 